d 357?
119
Let j be (-8164)/(-832) + (-18)/(-96). What is the highest common divisor of 7610 and j?
10
Let z be 331284/1026 + (-20)/(-18). What is the greatest common divisor of 1215 and z?
81
Let x(h) = 801 + 844 - 18*h - 1819. Let w be x(-16). Let l(f) = 2*f**2 - 2*f - 2. Let i be l(-4). What is the highest common divisor of w and i?
38
Suppose -6 = 2*m, -4*p + 126*m + 121 = 123*m. What is the greatest common factor of 96 and p?
4
Let q = -216 - -399. Let g = 188 - q. What is the highest common divisor of 10 and g?
5
Let c be 21/2 - (-5)/10. Let n(i) = -i**3 + 10*i**2 + 4*i - 82. Let k be n(12). Let h be k/(-10) - (-8)/10. Calculate the highest common divisor of c and h.
11
Let s = 22879 - 20117. Calculate the highest common factor of s and 6.
2
Let b be 2/(-7) + -7 + 4062/(-42). Let t = 352 + b. What is the highest common divisor of 93 and t?
31
Let z be 1184/4 + 0 + 4. Suppose -21*i = -27*i + z. What is the highest common divisor of 550 and i?
50
Let l = 1584 - 1390. What is the highest common factor of l and 5141?
97
Suppose 126 - 501 = 5*y. Let w be 10/2 + y/(-15). Calculate the highest common factor of 6 and w.
2
Suppose -3*x - 38 = -5*k + 993, -5*x + 1015 = 5*k. Calculate the greatest common factor of k and 115.
5
Suppose 17191 = 4*m - 4*u + 5439, 0 = 4*m + 2*u - 11782. Calculate the highest common factor of m and 135.
27
Suppose 0 = d, 3*g - 5*d - 2511 = 1795 - 307. What is the highest common divisor of 129 and g?
43
Let q be (1/3)/((-21)/(-126)). Let a be -4 - (-39)/(q + 1). Let h(n) = n**2 + 31*n - 81. Let l be h(3). What is the greatest common divisor of a and l?
3
Let o be (35 - 9264/(-96)) + 3/(-2). Calculate the greatest common factor of o and 5161.
13
Let q(a) = a + 6. Let r be q(-6). Suppose r = -u + 14 + 30. Suppose 2908*i = 2845*i + 1386. Calculate the greatest common divisor of i and u.
22
Let y = 601 - 1054. Let h = 459 + y. Calculate the highest common factor of 2 and h.
2
Let h(y) = -2*y**3 + 19*y**2 - 9*y. Let t be h(9). Let r be (-2 - 1) + 105 + 1 + t. Suppose 0 = 4*j - 921 - r. Calculate the highest common divisor of 32 and j.
32
Suppose -3*z + 6 = 0, 0 = m + 40*z - 39*z - 28800. Calculate the highest common factor of m and 476.
238
Let x be (-1 + -1 + 1)/(28/(-2940)). Calculate the greatest common divisor of x and 2247.
21
Let f = 11269 + -4486. What is the highest common divisor of f and 168?
21
Let m(p) = p**2 + p + 54. Let d be m(0). Let v = 57813 - 57811. What is the highest common factor of d and v?
2
Let x(n) = -6*n + 67. Let a be x(11). Let y be 1/((0 + a)/5). Suppose y*k - 6 = -k. What is the highest common divisor of 2 and k?
1
Suppose -33*g + 15376 = 928*g. Suppose 572 = 5*f - 4*t, -5*f + t + 417 = -146. What is the highest common factor of f and g?
16
Let d be ((-333)/(-9) - 12) + -7. Let u be (5 - 2) + 56 - -1. What is the greatest common divisor of d and u?
6
Let u = -92 + 100. Suppose 0 = -0*o - 4*o + u. Let h(m) = 52*m**2 - 8*m + 6. Let a be h(o). What is the highest common factor of a and 22?
22
Let p be ((-480)/72)/((-4)/6). Let k be ((-3800)/(-24) - 6) + p/6. Calculate the highest common factor of k and 11.
11
Suppose 2*a - 2*l = 12, 4*a + 4*l + 10 = -6. Let g be 10/(-8) + a + 195/12. Let h = g - -20. Calculate the highest common divisor of 324 and h.
36
Suppose -4*a + 51 = -a. Suppose 2*k + a = m, 0 = 3*m + 5*k - 0*k - 95. What is the greatest common factor of 225 and m?
25
Let b be 8722/(-8) - -5*(-2)/(-8). Let j be b/(-12)*(-8)/(-3). Calculate the highest common factor of j and 44.
22
Let o = -10 + 4. Let q(f) = -f**3 - 7*f**2 - 4*f + 2. Let p be q(o). Let x be p/(-5)*(-70)/(-4). Calculate the greatest common divisor of x and 7.
7
Let m be (18/(-52) + (-4)/78*3)*-118. Suppose -u + 5*s = -388, -25 = -3*s - 2*s. What is the greatest common factor of u and m?
59
Suppose 0 = 30*c + 2283 - 19053. What is the greatest common factor of 1333 and c?
43
Let g = 4194 - 3182. Calculate the greatest common factor of g and 368.
92
Let r = 4036 + -4020. Calculate the highest common factor of 9104 and r.
16
Suppose -9*d - 687 = 969. Let n = -154 - d. What is the greatest common factor of 18 and n?
6
Suppose 4*a - l + 0*l = -11, -a + 3*l + 11 = 0. Let n be 18 + (-4 - 4) + (a - -1). Calculate the greatest common divisor of n and 112.
7
Let j(d) = d**3 + 13*d**2 - 7*d. Let f be j(-14). Let b be (f/(-2) - 0) + 41 + -38. What is the highest common factor of b and 234?
26
Let k(j) = 2*j**2 + 6*j - 30. Let b be k(-7). Suppose 14 = -n - b. Let f be (n/(-30))/(1/3). What is the highest common factor of 32 and f?
4
Suppose -44*g = -49*g + 25. Suppose g*r + 0*r - 15 = 0. What is the greatest common factor of 21 and r?
3
Let z = 10514 - -302. Calculate the greatest common factor of 13 and z.
13
Suppose 104 = 24*j - 16*j. Suppose 151 - 853 = -j*o. Calculate the greatest common factor of o and 54.
54
Suppose -5*a - 60 = 17*p - 19*p, -3*p + 76 = -4*a. Let n be (-6)/(-27) + (-68)/(-18). Let g be (-76 + 1)*n/(-6). What is the highest common divisor of p and g?
10
Let s = 65 - 60. Suppose 3*v = -s*q + 3, 6*v - 3*v + 3*q = 3. Suppose 32 = 2*a + 2*t, 2*a - t - v = 19. What is the highest common divisor of 12 and a?
12
Let g(a) = a**2 - 4*a - 7. Let l be g(7). Suppose -44 = 62*x - 66*x. Suppose x*z = 12*z - l. What is the highest common factor of 2 and z?
2
Let k(x) = -x**2 + 123*x - 3498. Let u be k(75). What is the highest common divisor of u and 6698?
34
Suppose -380 + 156 = -4*w. Let x be (-1 + 13)*-2*(-245)/w. Calculate the greatest common divisor of x and 63.
21
Let d(j) = 77 + 80*j - 213 - 29*j + 0*j**2 - j**2 - 48. Let r be d(36). Calculate the greatest common divisor of r and 267.
89
Let u = 1710 - -2448. Let t be 2*(2 - 1)*u/44. What is the greatest common factor of 18 and t?
9
Suppose -8*a = 22*a + 70 - 310. Calculate the greatest common divisor of a and 1560.
8
Let q be 12298/(-143)*(-23)/2. What is the highest common divisor of 731 and q?
43
Let x(k) = -7*k**3 - 19*k**2 + 7*k + 3. Let w be x(-5). Calculate the greatest common factor of 192 and w.
16
Suppose -v + 3*b = -13, -3*v - 4*b = 2*v - 27. Suppose 0 = v*c - 879 - 3. Calculate the greatest common divisor of c and 90.
18
Let x be 141*(3*(-8)/36)/((-2)/16). Calculate the highest common divisor of x and 5358.
94
Suppose 9*q - 10 + 10 = 0. Suppose 2*d + 6 = 0, -4*w + 3*d - 6*d + 1479 = q. Let s be (-2)/(-8) + w/48. What is the highest common factor of 3 and s?
1
Let q(b) = -10*b**2 + 48*b + 77. Let p be q(6). Let s be 766/14 - (-6)/21. What is the greatest common divisor of s and p?
5
Let v(f) = -29*f - 11. Let n be v(-7). Suppose d = 5*d - n. Calculate the greatest common divisor of 192 and d.
48
Let z = 7604 + -7591. What is the highest common divisor of z and 4147?
13
Suppose 0 = -1084*x + 1089*x - 40. What is the greatest common factor of 664 and x?
8
Suppose -17721*f + 17714*f + 350 = 0. Calculate the highest common factor of f and 1550.
50
Let u be (1/(-3))/((-4)/(-252)). Let t be u/4*1216/(-57). What is the highest common divisor of 28 and t?
28
Let s(g) = -63*g - 5217. Let a be s(-133). What is the highest common divisor of 102 and a?
102
Suppose u = 5*y + 19967 - 6067, -4*y = -3*u + 41601. What is the greatest common divisor of u and 17?
17
Let n = 14711 - 14392. What is the highest common factor of n and 22?
11
Suppose 37*g - 3814 = 10505. What is the highest common factor of 9 and g?
9
Suppose -r + 3*b + 551 = 0, 5*b - 459 - 2256 = -5*r. Calculate the highest common divisor of 763 and r.
109
Suppose 189 = k - 1326*l + 1329*l, 0 = 5*k - 4*l - 888. What is the greatest common divisor of 156 and k?
12
Let f = -1836 - -2412. Calculate the greatest common divisor of 252 and f.
36
Suppose 2*p + 30 = -5*j, p - 1 = 2*p - j. Let c be (p/5 - -2) + 32. Calculate the highest common factor of 3 and c.
3
Let p = -2585 + 2598. What is the highest common factor of p and 7111?
13
Let k(c) = -c**2 - 8*c + 888. Let f be k(23). What is the greatest common factor of 1015 and f?
35
Suppose 14*d + 2*l + 2344 = 18*d, -d + 2*l + 580 = 0. Calculate the greatest common divisor of d and 6888.
84
Suppose 0 = -7*t + 414 + 1161. Let a(m) = 23*m**2 + 2*m - 6. Let r be a(2). Calculate the highest common factor of r and t.
45
Suppose 5*i = -3*h + 530, -2*i = -0*h + h - 212. Suppose -275